 2*h(y) + s(y). Calculate p(j).
5
Let p be (-3)/7*(-6 + -1). Let w be (-2 - -3) + (2 - p). Let d(x) be the third derivative of -x**4/24 + x**3 - x**2. What is d(w)?
6
Let i(r) be the third derivative of 0 - 1/120*r**6 - 4/3*r**3 + 0*r + 1/24*r**4 - 6*r**2 + 7/60*r**5. Calculate i(7).
-1
Let k(v) = -16*v - 52. Let i(u) = 9*u + 30. Let w(a) = 7*i(a) + 4*k(a). What is w(6)?
-4
Suppose -70*h = -81*h + 77. Let m(b) = -b**3 + 8*b**2 - 5*b - 7. Calculate m(h).
7
Let d(g) = -g**3 + 4*g**2 + 8*g - 7. Let f = -93 + 98. Determine d(f).
8
Let s(l) = -2*l - 13. Let m be 5 - (-60)/(-9)*(-36)/(-16). What is s(m)?
7
Let h be 6/(-16) - 747/(-72). Let v(z) = -2*z + 2. Determine v(h).
-18
Let v(b) = -2*b + 16. Let a(r) = -3*r + 21. Let k(z) = -3*a(z) + 4*v(z). What is k(-3)?
-2
Suppose 86 = 2*q - 78. Let u = q - 88. Let z(c) = c**3 + 5*c**2 - 10*c - 7. Calculate z(u).
17
Let n(i) = i**2 - i - 4. Suppose -5*s = 3*h - 43, 5*h - 23 = -s - 10. Suppose 5*b = -35 + 10. Let p = b + s. Give n(p).
2
Let r be 4 - (-3 - (5 + 3)). Let f(l) = r - 40 + 4 + 13 - l**2 - 7*l. What is f(-6)?
-2
Let q(s) = -s**2 - 4*s + 3. Let c(d) = -7*d + 23. Let f(x) = x - 1. Let o(h) = -c(h) - 4*f(h). Let l be o(7). Calculate q(l).
-9
Let m(v) = -13*v - 1. Suppose -2*d + 262 = -u, 0 = 5*d + 2*u - 0*u - 655. Suppose -130 + d = f. Determine m(f).
-14
Suppose -4*y - 2*j - 2 = 0, -2*y - 5*j + 19 = -8*j. Let l(a) = -139 - y*a + 136 + a**2 - a + a. What is l(5)?
12
Let u(q) = 3*q - 2*q + 0 - 1. Suppose 0*a = 8*a - 32. Let k(b) = b**2 - 5*b. Let x be k(a). Determine u(x).
-5
Suppose -14 = -5*r - 3*v, -4*r - 6*v + 14 = -5*v. Let k(j) = -j + 1. Calculate k(r).
-3
Suppose 11*c + 10*c + 21 = 0. Let x(n) = 12*n**3 - n**2 - n - 1. Calculate x(c).
-13
Let u(d) = -d + 5. Let k be u(5). Let v(p) = -p**2 - 2*p - 1. Let b(g) = -2*g**2 - 5*g + 11. Let t(z) = -b(z) + 3*v(z). Calculate t(k).
-14
Let j(x) be the third derivative of -x**8/3360 + x**6/720 + x**5/5 + 14*x**2. Let g(p) be the third derivative of j(p). What is g(-1)?
-5
Let r(d) be the first derivative of -2*d**2 - 13*d - 370. Give r(-6).
11
Let j(o) = -o**3 + o**2 - 3*o - 2*o - 1 + 4*o**2. Suppose -6*u - 284 = -77*u. Calculate j(u).
-5
Let s = 14 + 12. Let t(q) = q - s + 6 + 13. Let f(i) = i**2 + 8*i. Let d be f(-8). Give t(d).
-7
Let u = 0 + -21. Let j = u - -19. Let f(a) = -3*a**3 + 4*a**2 + 3*a + 2 + 4 - 3 + 4*a**3. Determine f(j).
5
Let o(c) be the second derivative of c**4/12 + 5*c**3/6 + c**2 - 4*c + 33. Suppose 0*q - 30 = 5*q. Give o(q).
8
Suppose 0 = 10*k - 21*k + 22. Let j(p) = 126*p - 4*p**k + 5 - 125*p - 4. Determine j(-1).
-4
Let h(u) = -u**2 + 18*u + 3. Suppose -4*i + 2*i + 31 = -5*g, i - 21 = -3*g. Let l be h(i). Let z(m) = -7*m + 3. What is z(l)?
-18
Suppose -12*k - 3 = -39. Let j(p) be the first derivative of 1/2*p**2 - k + 2*p. Calculate j(3).
5
Let b = -62 - -68. Let h(g) = -13 - b + 33 - 7 + g. Determine h(-6).
1
Let r be 9/(36/8) - 0. Suppose 0 = -5*w + j - 9, w + 6 = -2*j - r*j. Let z(x) = -x - 1. Calculate z(w).
1
Let n(h) = 4*h - 15. Let p(y) = 1. Let m(t) = n(t) - 2*p(t). Determine m(0).
-17
Let u = -25 + 30. Let y(w) = -5*w**2 + w**2 - w**2 + u*w + w**3 - 2*w - 4. Determine y(4).
-8
Suppose 4*r - 323 + 295 = 0. Let n(g) = -g**3 + 8*g**2 - 9*g - 2. Calculate n(r).
-16
Suppose 13 = -3*z + 1. Let q be (-2)/(4*z/24). Let r(i) = -i**2 - i + 1. Let v(d) = -2*d**2 - 2*d + 13. Let y(m) = q*r(m) - v(m). What is y(0)?
-10
Let s(p) = p + 4. Suppose -4*w - 7 + 23 = 0. Suppose -3 = w*j + 5*z + 2, 5*j = -2*z + 15. Suppose -j*a + 16 - 43 = -x, -2*x - 12 = a. Determine s(a).
-2
Let x(q) be the second derivative of -q**5/20 - q**4/4 + 4*q**3/3 - 3*q**2/2 + 246*q. What is x(-5)?
7
Suppose 29*k = 12 + 46. Let v(m) be the first derivative of 0*m**k + m - 1/3*m**3 + 8. Calculate v(2).
-3
Suppose 40*c = 44*c - 8. Let q(t) = -5*t + t**3 + 1 + t**2 + t**2 + 2*t**c. Calculate q(-5).
1
Let f(d) = -d**3 - 9*d**2 + 11*d + 12. Let q be (-10)/(-15)*(-17 - -2). Let u be f(q). Let w(z) = 2*z + 0*z - u*z - z - 2. Calculate w(-6).
4
Let z(l) = l - 1. Let v(u) = u**2 + 7*u + 13. Let x be v(-14). Let i = 117 - x. Calculate z(i).
5
Suppose -8*v = -5*v + 12. Let x(i) = i + 4. Let g be x(v). Let f = 5 + g. Let k(n) = n**3 - 6*n**2 + 7*n - 7. What is k(f)?
3
Let j(z) be the first derivative of z**5/120 + z**4/8 + z**3/3 + 6. Let v(y) be the third derivative of j(y). Determine v(3).
6
Let y = 1 + 0. Let o(k) = -24*k - 18. Let f(r) = 36*r + 25. Let c(t) = -5*f(t) - 7*o(t). Determine c(y).
-11
Let o(b) = b**2 - 13*b - 4. Let z be o(13). Let d(n) = n**3 + 5*n**2 + 6*n + 4. Calculate d(z).
-4
Let x(t) = -3 + 20*t - 48*t - 3*t**2 + 15*t + 4 + 14*t. Determine x(0).
1
Let g(y) = 2*y**3 - 6*y**2 + 6*y - 6. Let z(m) = -m**3 + m**2 + m. Let o(b) = g(b) + z(b). Give o(4).
6
Let z(m) be the third derivative of -m**6/120 + 11*m**5/60 + m**4/12 - 11*m**3/6 - 331*m**2 + m. What is z(11)?
11
Let u(p) be the third derivative of -p**4/24 - 11*p**3/6 + 9*p**2 - 8*p. Give u(-11).
0
Suppose 251 = -59*i - 103. Let n(v) = -v**2 + 32. Calculate n(i).
-4
Suppose 0*v - 64 = 32*v. Let x(f) = 2*f**3 + 4*f**2 + 5*f + 3. Give x(v).
-7
Let p(n) = n - 1. Let m(s) = 18 + 8*s - 6 - 20*s - 10. Let l(j) = -m(j) - 10*p(j). What is l(-6)?
-4
Let b(i) = i**2 - 2*i**2 - 7 - 84*i + 90*i. What is b(6)?
-7
Let a = 1729 + -1735. Let w(n) = -2*n**3 - 10*n**2 + 13*n + 7. Determine w(a).
1
Let p(s) = 4*s + 21. Let q be p(-5). Let u(i) = -i - 1. Let n(y) = 6*y + 9. Let h(v) = q*n(v) + 5*u(v). Determine h(-3).
1
Let j(p) = 2*p + 2. Let y be j(-2). Let h be y + (0 - 1) + 2. Let t(r) = 47 - 5*r**3 + 88 - 135. Calculate t(h).
5
Let y(g) = -4*g**2 - 15 + 124*g + 3*g**2 + 4 - 111*g. Determine y(12).
1
Let z be 3 - -1 - 0 - 1. Let h(t) = 5 + 3 - 7*t**2 + t**3 - z*t + 8*t. Let c(w) = w**2 - 9*w - 46. Let p be c(13). What is h(p)?
2
Let q(v) be the first derivative of v**6/360 + v**5/40 - v**4/8 + 3*v**3 + 9. Let y(k) be the third derivative of q(k). Give y(-3).
-3
Let g(l) = 3*l + 5. Let a(m) = -115*m + 336*m - 110*m - 117*m - 10. Let u be ((-33)/9)/((-2)/6). Let x(t) = u*g(t) + 6*a(t). Determine x(-5).
10
Let r = 303 + -300. Let g(t) be the first derivative of -t**4/4 + 4*t**3/3 + t**2/2 + 1. Give g(r).
12
Let g(n) be the second derivative of -n**3/3 + 5*n**2/2 + 2*n. Let w = 12 - 8. Suppose -w*h - h + 15 = 0, 5*h = -2*r + 23. What is g(r)?
-3
Let h(w) = 2*w**2 - 2*w - 83. Let r be h(7). Let v(d) = 2*d + 2. Let i(k) = -k - 1. Let x(n) = -5*i(n) - 2*v(n). What is x(r)?
2
Let o(z) be the first derivative of -z**5/120 + 5*z**3 - 11. Let k(g) be the third derivative of o(g). What is k(-6)?
6
Let w(j) = -j**2 + 2*j. Let y = 2 + 1. Suppose -3*o = -10*o + 91. Suppose 5*h + 0 = -3*u + o, -u + 7 = y*h. Calculate w(h).
0
Let p(m) be the third derivative of m**5/60 - m**4/12 + m**3/6 + m**2 - 45. Calculate p(2).
1
Let r(x) = 4*x. Suppose 51 = 5*k - 2*c + 1, 0 = 4*k - c - 37. Give r(k).
32
Let o = 419 - 428. Let u(n) = n**2 + 10*n + 5. Calculate u(o).
-4
Let l(i) be the second derivative of i**5/20 + i**4/2 + i**3/2 + i. Let c = -358 + 353. Determine l(c).
10
Let u(p) = p - 1. Suppose -2*f = -1 - 23. Let b = f - 8. Suppose -2*k - 3 = b*z + 1, -3*z - 6 = 3*k. What is u(z)?
-1
Let w(g) = g**2 - 5*g - 1. Suppose 3*s = 8 - 14. Let i(j) be the first derivative of -j**2 + 2*j - 2. Let o be i(s). What is w(o)?
5
Let i(r) = 3*r**2 - 24*r - 3. Let j be i(8). Let l(y) be the third derivative of y**4/24 + y**3/3 + y**2. Calculate l(j).
-1
Let z(y) = -2*y**3 + 17*y**2 - 16*y - 3. Let m(n) = n**3 - 9*n**2 + 9*n + 2. Let k(w) = -11*m(w) - 6*z(w). Determine k(4).
0
Let y(m) be the first derivative of -3*m + 8 - 1/2*m**2. Determine y(3).
-6
Let d(h) = -h**2 + 2*h - 7 - 2*h**2 + 5*h**2 - h**2. Let t be d(-3). Let i(q) = -q**3 - 4*q**2 - 5. Give i(t).
-5
Let t(c) = -c + 3. Let u(w) = -w**3 - 7*w**2 - 11*w + 5. Suppose i + 40 = -7*i. Let o be u(i). Calculate t(o).
-7
Let n(a) = -a**3 + 5*a**2 + 15*a - 1. Let b = 567 + -560. Give n(b).
6
Let w(o) = 32*o**2 + 33*o - 1 - 21*o - 20*o + o**3 - 2 - 26*o**2. Suppose 0*t - 40 = 5*t + a, a + 19 = -2*t. Give w(t).
4
Suppose -29*l = -35*l - 6. Let n(v) = 4*v + 3. Determine n(l).
-1
Let y(f) = 2*f - 4. Let n be y(3). Let x(m) = 2 + m**3 - 4*m + 7*m**2 + 4*m - 6*m**n. Let a be (0 - 0)/(1/(-1)). Calculate x(a).